{"id":40719,"date":"2023-01-17T16:56:52","date_gmt":"2023-01-17T15:56:52","guid":{"rendered":"https:\/\/www.landwirtschaftsmesse.com\/amberg\/?page_id=40719"},"modified":"2025-05-28T13:34:04","modified_gmt":"2025-05-28T11:34:04","slug":"homepagina","status":"publish","type":"page","link":"https:\/\/www.landwirtschaftsmesse.com\/amberg\/","title":{"rendered":"Homepagina"},"content":{"rendered":"\t\t<div data-elementor-type=\"wp-page\" data-elementor-id=\"40719\" class=\"elementor elementor-40719\" data-elementor-post-type=\"page\">\n\t\t\t\t\t\t<section class=\"elementor-section elementor-top-section elementor-element elementor-element-bf2fa41 elementor-section-full_width elementor-section-height-min-height elementor-section-items-stretch elementor-section-stretched elementor-section-height-default\" data-id=\"bf2fa41\" data-element_type=\"section\" data-settings=\"{&quot;background_background&quot;:&quot;classic&quot;,&quot;stretch_section&quot;:&quot;section-stretched&quot;}\">\n\t\t\t\t\t\t<div class=\"elementor-container elementor-column-gap-no\">\n\t\t\t\t\t<div class=\"elementor-column elementor-col-100 elementor-top-column elementor-element elementor-element-48ab1abf\" data-id=\"48ab1abf\" data-element_type=\"column\">\n\t\t\t<div class=\"elementor-widget-wrap elementor-element-populated\">\n\t\t\t\t\t\t<section class=\"elementor-section elementor-inner-section elementor-element elementor-element-273018e3 elementor-section-boxed elementor-section-height-default elementor-section-height-default\" data-id=\"273018e3\" data-element_type=\"section\">\n\t\t\t\t\t\t<div class=\"elementor-container elementor-column-gap-default\">\n\t\t\t\t\t<div class=\"elementor-column elementor-col-50 elementor-inner-column elementor-element elementor-element-42e5c0c6\" data-id=\"42e5c0c6\" data-element_type=\"column\">\n\t\t\t<div class=\"elementor-widget-wrap elementor-element-populated\">\n\t\t\t\t\t\t<div class=\"elementor-element elementor-element-6fd8b09 elementor-widget elementor-widget-theme-site-logo elementor-widget-image\" data-id=\"6fd8b09\" data-element_type=\"widget\" data-widget_type=\"theme-site-logo.default\">\n\t\t\t\t<div class=\"elementor-widget-container\">\n\t\t\t\t\t\t\t\t\t\t\t<a href=\"https:\/\/www.landwirtschaftsmesse.com\/amberg\">\n\t\t\t<img fetchpriority=\"high\" decoding=\"async\" width=\"2124\" height=\"885\" src=\"https:\/\/www.landwirtschaftsmesse.com\/amberg\/wp-content\/uploads\/2020\/06\/2023-Landwirtschaftmesse-Amberg.png\" class=\"attachment-full size-full wp-image-46905\" alt=\"\" srcset=\"https:\/\/www.landwirtschaftsmesse.com\/amberg\/wp-content\/uploads\/2020\/06\/2023-Landwirtschaftmesse-Amberg.png 2124w, https:\/\/www.landwirtschaftsmesse.com\/amberg\/wp-content\/uploads\/2020\/06\/2023-Landwirtschaftmesse-Amberg-300x125.png 300w, https:\/\/www.landwirtschaftsmesse.com\/amberg\/wp-content\/uploads\/2020\/06\/2023-Landwirtschaftmesse-Amberg-1024x427.png 1024w, https:\/\/www.landwirtschaftsmesse.com\/amberg\/wp-content\/uploads\/2020\/06\/2023-Landwirtschaftmesse-Amberg-768x320.png 768w, https:\/\/www.landwirtschaftsmesse.com\/amberg\/wp-content\/uploads\/2020\/06\/2023-Landwirtschaftmesse-Amberg-1536x640.png 1536w, https:\/\/www.landwirtschaftsmesse.com\/amberg\/wp-content\/uploads\/2020\/06\/2023-Landwirtschaftmesse-Amberg-2048x853.png 2048w\" sizes=\"(max-width: 2124px) 100vw, 2124px\" \/>\t\t\t\t<\/a>\n\t\t\t\t\t\t\t\t\t\t\t<\/div>\n\t\t\t\t<\/div>\n\t\t\t\t<div class=\"elementor-element elementor-element-24a18e56 elementor-widget elementor-widget-heading\" data-id=\"24a18e56\" data-element_type=\"widget\" data-widget_type=\"heading.default\">\n\t\t\t\t<div class=\"elementor-widget-container\">\n\t\t\t\t\t<h2 class=\"elementor-heading-title elementor-size-default\">Amberg \/ Oberpfalz<\/h2>\t\t\t\t<\/div>\n\t\t\t\t<\/div>\n\t\t\t\t<div class=\"elementor-element elementor-element-d092f26 elementor-widget elementor-widget-text-editor\" data-id=\"d092f26\" data-element_type=\"widget\" data-widget_type=\"text-editor.default\">\n\t\t\t\t<div class=\"elementor-widget-container\">\n\t\t\t\t\t\t\t\t\t<p>Sehr geehrte Damen und Herren,<br \/><span style=\"font-size: 16px;\"><br \/>wir haben uns f\u00fcr die Messe in Amberg entschieden, da diese Region sich hervorragend f\u00fcr eine Landwirtschaftsmesse eignet. Leider haben wir derzeit mit Personalengp\u00e4ssen zu k\u00e4mpfen, da Herr Andreas Otte seine T\u00e4tigkeit f\u00fcr die CNO-Expo GmbH beendet hat.<\/span><\/p><p>Aufgrund unseres vollen Terminkalenders ist es uns derzeit nicht m\u00f6glich, die Organisation der Messe in Amberg rechtzeitig abzuschlie\u00dfen. Wir sind daher gezwungen, die Messe auf einen neuen Termin zu verschieben. Sobald dieser feststeht, werden wir Sie selbstverst\u00e4ndlich umgehend informieren.<\/p><p>Wir bedauern diese Entscheidung sehr und werden uns bem\u00fchen, die Messe so schnell wie m\u00f6glich wieder auf den Terminplan zu setzen.<\/p>\t\t\t\t\t\t\t\t<\/div>\n\t\t\t\t<\/div>\n\t\t\t\t\t<\/div>\n\t\t<\/div>\n\t\t\t\t<div class=\"elementor-column elementor-col-50 elementor-inner-column elementor-element elementor-element-695a6b96\" data-id=\"695a6b96\" data-element_type=\"column\">\n\t\t\t<div class=\"elementor-widget-wrap elementor-element-populated\">\n\t\t\t\t\t\t<div class=\"elementor-element elementor-element-0b122c2 elementor-widget-mobile__width-auto elementor-widget__width-auto elementor-widget elementor-widget-heading\" data-id=\"0b122c2\" data-element_type=\"widget\" data-widget_type=\"heading.default\">\n\t\t\t\t<div class=\"elementor-widget-container\">\n\t\t\t\t\t<h2 class=\"elementor-heading-title elementor-size-default\">Neuer Termin folgt!\n\n<\/h2>\t\t\t\t<\/div>\n\t\t\t\t<\/div>\n\t\t\t\t<div class=\"elementor-element elementor-element-e0d73ac elementor-widget elementor-widget-image\" data-id=\"e0d73ac\" data-element_type=\"widget\" data-widget_type=\"image.default\">\n\t\t\t\t<div class=\"elementor-widget-container\">\n\t\t\t\t\t\t\t\t\t\t\t\t\t\t\t<img decoding=\"async\" width=\"1024\" height=\"62\" src=\"https:\/\/www.landwirtschaftsmesse.com\/amberg\/wp-content\/uploads\/2025\/05\/streep-1024x62.png\" class=\"attachment-large size-large wp-image-47076\" alt=\"\" srcset=\"https:\/\/www.landwirtschaftsmesse.com\/amberg\/wp-content\/uploads\/2025\/05\/streep-1024x62.png 1024w, https:\/\/www.landwirtschaftsmesse.com\/amberg\/wp-content\/uploads\/2025\/05\/streep-300x18.png 300w, https:\/\/www.landwirtschaftsmesse.com\/amberg\/wp-content\/uploads\/2025\/05\/streep-768x47.png 768w, https:\/\/www.landwirtschaftsmesse.com\/amberg\/wp-content\/uploads\/2025\/05\/streep-1536x94.png 1536w, https:\/\/www.landwirtschaftsmesse.com\/amberg\/wp-content\/uploads\/2025\/05\/streep-2048x125.png 2048w\" sizes=\"(max-width: 1024px) 100vw, 1024px\" \/>\t\t\t\t\t\t\t\t\t\t\t\t\t\t\t<\/div>\n\t\t\t\t<\/div>\n\t\t\t\t<div class=\"elementor-element elementor-element-bcdece4 elementor-widget__width-initial uael-header-sticky-no uael-border-yes elementor-widget elementor-widget-uael-table\" data-id=\"bcdece4\" data-element_type=\"widget\" data-widget_type=\"uael-table.default\">\n\t\t\t\t<div class=\"elementor-widget-container\">\n\t\t\t\t\t<div itemscope class=\"uael-table-wrapper\" itemtype=\"http:\/\/schema.org\/Table\">\n\t\t<table id=\"uael-table-id-bcdece4\" class=\"uael-text-break uael-column-rules uael-table\" data-sort-table=\"no\" data-show-entry=\"no\" data-searchable=\"no\" data-responsive=\"no\">\n\t\t\t\t<tbody>\n\t\t\t<!-- ROWS -->\n\t\t\t\t\t\t\t\t\t\t<tr data-entry=\"1\" class=\"uael-table-row\">\n\t\t\t\t\t\t\t\t\t\t\t\t\t\t\t\t\t<td class=\"uael-table-col uael-table-body-cell-text elementor-repeater-item-6e118fc\">\n\t\t\t\t\t\t\t\t\t\t\t\t\t\t\t<span class=\"uael-table__text\">\n\t\t\t\t\t\t\t\t\t\t\t\t\t\t\t\t\t\t\t\t\t\t\t\t\t\t\t\t\t\t\t\t\t\t\t\t\t<span class=\"uael-table__text-inner\">Mittwoch 26. November<\/span>\n\t\t\t\t\t\t\t\t\t\t\t\t\t\t\t\t\t\t\t\t\t\t\t\t\t\t\t\t\t\t\t\t\t\t\t\t<\/span>\n\t\t\t\t\t\t\t\t\t\t\t\t\t<\/td>\n\t\t\t\t\t\t\t\t\t\t\t\t\t<td class=\"uael-table-col uael-table-body-cell-text elementor-repeater-item-1150cd3\">\n\t\t\t\t\t\t\t\t\t\t\t\t\t\t\t<span class=\"uael-table__text\">\n\t\t\t\t\t\t\t\t\t\t\t\t\t\t\t\t\t\t\t\t\t\t\t\t\t\t\t\t\t\t\t\t\t\t\t\t\t<span class=\"uael-table__text-inner\">09.30 \u2013 17.30 Uhr<\/span>\n\t\t\t\t\t\t\t\t\t\t\t\t\t\t\t\t\t\t\t\t\t\t\t\t\t\t\t\t\t\t\t\t\t\t\t\t<\/span>\n\t\t\t\t\t\t\t\t\t\t\t\t\t<\/td>\n\t\t\t\t\t\t\t\t\t\t\t\t\t\t<\/tr><tr data-entry=\"2\" class=\"uael-table-row\">\n\t\t\t\t\t\t\t\t\t\t\t\t\t\t\t\t\t\t<td class=\"uael-table-col uael-table-body-cell-text elementor-repeater-item-5ee48b4\">\n\t\t\t\t\t\t\t\t\t\t\t\t\t\t\t<span class=\"uael-table__text\">\n\t\t\t\t\t\t\t\t\t\t\t\t\t\t\t\t\t\t\t\t\t\t\t\t\t\t\t\t\t\t\t\t\t\t\t\t\t<span class=\"uael-table__text-inner\">Donnerstag 27. November<\/span>\n\t\t\t\t\t\t\t\t\t\t\t\t\t\t\t\t\t\t\t\t\t\t\t\t\t\t\t\t\t\t\t\t\t\t\t\t<\/span>\n\t\t\t\t\t\t\t\t\t\t\t\t\t<\/td>\n\t\t\t\t\t\t\t\t\t\t\t\t\t<td class=\"uael-table-col uael-table-body-cell-text elementor-repeater-item-4ce2d5d\">\n\t\t\t\t\t\t\t\t\t\t\t\t\t\t\t<span class=\"uael-table__text\">\n\t\t\t\t\t\t\t\t\t\t\t\t\t\t\t\t\t\t\t\t\t\t\t\t\t\t\t\t\t\t\t\t\t\t\t\t\t<span class=\"uael-table__text-inner\">09.30 \u2013 17.30 Uhr<\/span>\n\t\t\t\t\t\t\t\t\t\t\t\t\t\t\t\t\t\t\t\t\t\t\t\t\t\t\t\t\t\t\t\t\t\t\t\t<\/span>\n\t\t\t\t\t\t\t\t\t\t\t\t\t<\/td>\n\t\t\t\t\t\t\t\t\t\t\t\t\t\t<\/tr><tr data-entry=\"3\" class=\"uael-table-row\">\n\t\t\t\t\t\t\t\t\t\t\t\t\t\t\t\t\t\t<td class=\"uael-table-col uael-table-body-cell-text elementor-repeater-item-8b1dc5c\">\n\t\t\t\t\t\t\t\t\t\t\t\t\t\t\t<span class=\"uael-table__text\">\n\t\t\t\t\t\t\t\t\t\t\t\t\t\t\t\t\t\t\t\t\t\t\t\t\t\t\t\t\t\t\t\t\t\t\t\t\t<span class=\"uael-table__text-inner\">Freitag 28. November<\/span>\n\t\t\t\t\t\t\t\t\t\t\t\t\t\t\t\t\t\t\t\t\t\t\t\t\t\t\t\t\t\t\t\t\t\t\t\t<\/span>\n\t\t\t\t\t\t\t\t\t\t\t\t\t<\/td>\n\t\t\t\t\t\t\t\t\t\t\t\t\t<td class=\"uael-table-col uael-table-body-cell-text elementor-repeater-item-0646c84\">\n\t\t\t\t\t\t\t\t\t\t\t\t\t\t\t<span class=\"uael-table__text\">\n\t\t\t\t\t\t\t\t\t\t\t\t\t\t\t\t\t\t\t\t\t\t\t\t\t\t\t\t\t\t\t\t\t\t\t\t\t<span class=\"uael-table__text-inner\">09.30 \u2013 17.30 Uhr<\/span>\n\t\t\t\t\t\t\t\t\t\t\t\t\t\t\t\t\t\t\t\t\t\t\t\t\t\t\t\t\t\t\t\t\t\t\t\t<\/span>\n\t\t\t\t\t\t\t\t\t\t\t\t\t<\/td>\n\t\t\t\t\t\t\t\t\t<\/tbody>\n\t<\/table>\n\t\t<\/div>\n\t\t\t\t<\/div>\n\t\t\t\t<\/div>\n\t\t\t\t<div class=\"elementor-element elementor-element-3f6e5389 elementor-shape-circle e-grid-align-left e-grid-align-mobile-center elementor-grid-0 elementor-widget elementor-widget-social-icons\" data-id=\"3f6e5389\" data-element_type=\"widget\" data-widget_type=\"social-icons.default\">\n\t\t\t\t<div class=\"elementor-widget-container\">\n\t\t\t\t\t\t\t<div class=\"elementor-social-icons-wrapper elementor-grid\">\n\t\t\t\t\t\t\t<span class=\"elementor-grid-item\">\n\t\t\t\t\t<a class=\"elementor-icon elementor-social-icon elementor-social-icon-facebook elementor-repeater-item-7d7f3de\" href=\"https:\/\/www.facebook.com\/Landwirtschaftsmesse\/\" target=\"_blank\" rel=\"noopener\">\n\t\t\t\t\t\t<span class=\"elementor-screen-only\">Facebook<\/span>\n\t\t\t\t\t\t<i aria-hidden=\"true\" class=\"fab fa-facebook\"><\/i>\t\t\t\t\t<\/a>\n\t\t\t\t<\/span>\n\t\t\t\t\t<\/div>\n\t\t\t\t\t\t<\/div>\n\t\t\t\t<\/div>\n\t\t\t\t\t<\/div>\n\t\t<\/div>\n\t\t\t\t\t<\/div>\n\t\t<\/section>\n\t\t\t\t<section class=\"elementor-section elementor-inner-section elementor-element elementor-element-66ea31c2 elementor-section-boxed elementor-section-height-default elementor-section-height-default\" data-id=\"66ea31c2\" data-element_type=\"section\" data-settings=\"{&quot;background_background&quot;:&quot;gradient&quot;}\">\n\t\t\t\t\t\t<div class=\"elementor-container elementor-column-gap-default\">\n\t\t\t\t\t<div class=\"elementor-column elementor-col-33 elementor-inner-column elementor-element elementor-element-437d12cf\" data-id=\"437d12cf\" data-element_type=\"column\">\n\t\t\t<div class=\"elementor-widget-wrap elementor-element-populated\">\n\t\t\t\t\t\t<div class=\"elementor-element elementor-element-4336af6f elementor-hidden-mobile elementor-widget elementor-widget-image\" data-id=\"4336af6f\" data-element_type=\"widget\" data-widget_type=\"image.default\">\n\t\t\t\t<div class=\"elementor-widget-container\">\n\t\t\t\t\t\t\t\t\t\t\t\t\t\t\t\t<a href=\"https:\/\/www.landwirtschaftsmesse.com\/amberg\/buchen-sie-einen-stand\/\">\n\t\t\t\t\t\t\t<img decoding=\"async\" width=\"800\" height=\"600\" src=\"https:\/\/www.landwirtschaftsmesse.com\/amberg\/wp-content\/uploads\/2023\/02\/aurich-aussteller.jpg\" class=\"attachment-full size-full wp-image-41115\" alt=\"\" srcset=\"https:\/\/www.landwirtschaftsmesse.com\/amberg\/wp-content\/uploads\/2023\/02\/aurich-aussteller.jpg 800w, https:\/\/www.landwirtschaftsmesse.com\/amberg\/wp-content\/uploads\/2023\/02\/aurich-aussteller-300x225.jpg 300w, https:\/\/www.landwirtschaftsmesse.com\/amberg\/wp-content\/uploads\/2023\/02\/aurich-aussteller-768x576.jpg 768w, https:\/\/www.landwirtschaftsmesse.com\/amberg\/wp-content\/uploads\/2023\/02\/aurich-aussteller-600x450.jpg 600w\" sizes=\"(max-width: 800px) 100vw, 800px\" \/>\t\t\t\t\t\t\t\t<\/a>\n\t\t\t\t\t\t\t\t\t\t\t\t\t\t\t<\/div>\n\t\t\t\t<\/div>\n\t\t\t\t<div class=\"elementor-element elementor-element-172f3f8e elementor-align-justify elementor-widget elementor-widget-button\" data-id=\"172f3f8e\" data-element_type=\"widget\" data-widget_type=\"button.default\">\n\t\t\t\t<div class=\"elementor-widget-container\">\n\t\t\t\t\t\t\t\t\t<div class=\"elementor-button-wrapper\">\n\t\t\t\t\t<a class=\"elementor-button elementor-button-link elementor-size-md\" href=\"https:\/\/www.landwirtschaftsmesse.com\/amberg\/buchen-sie-einen-stand\/\">\n\t\t\t\t\t\t<span class=\"elementor-button-content-wrapper\">\n\t\t\t\t\t\t<span class=\"elementor-button-icon\">\n\t\t\t\t<i aria-hidden=\"true\" class=\"fas fa-caret-right\"><\/i>\t\t\t<\/span>\n\t\t\t\t\t\t\t\t\t<span class=\"elementor-button-text\">Aussteller werden?<\/span>\n\t\t\t\t\t<\/span>\n\t\t\t\t\t<\/a>\n\t\t\t\t<\/div>\n\t\t\t\t\t\t\t\t<\/div>\n\t\t\t\t<\/div>\n\t\t\t\t\t<\/div>\n\t\t<\/div>\n\t\t\t\t<div class=\"elementor-column elementor-col-33 elementor-inner-column elementor-element elementor-element-672ec57a\" data-id=\"672ec57a\" data-element_type=\"column\">\n\t\t\t<div class=\"elementor-widget-wrap elementor-element-populated\">\n\t\t\t\t\t\t<div class=\"elementor-element elementor-element-11d17214 elementor-hidden-mobile elementor-widget elementor-widget-image\" data-id=\"11d17214\" data-element_type=\"widget\" data-widget_type=\"image.default\">\n\t\t\t\t<div class=\"elementor-widget-container\">\n\t\t\t\t\t\t\t\t\t\t\t\t\t\t\t\t<a href=\"https:\/\/www.landwirtschaftsmesse.com\/amberg\/karten-bestellen\/\">\n\t\t\t\t\t\t\t<img loading=\"lazy\" decoding=\"async\" width=\"800\" height=\"600\" src=\"https:\/\/www.landwirtschaftsmesse.com\/amberg\/wp-content\/uploads\/2023\/02\/aurich-karten.jpg\" class=\"attachment-full size-full wp-image-41117\" alt=\"\" srcset=\"https:\/\/www.landwirtschaftsmesse.com\/amberg\/wp-content\/uploads\/2023\/02\/aurich-karten.jpg 800w, https:\/\/www.landwirtschaftsmesse.com\/amberg\/wp-content\/uploads\/2023\/02\/aurich-karten-300x225.jpg 300w, https:\/\/www.landwirtschaftsmesse.com\/amberg\/wp-content\/uploads\/2023\/02\/aurich-karten-768x576.jpg 768w, https:\/\/www.landwirtschaftsmesse.com\/amberg\/wp-content\/uploads\/2023\/02\/aurich-karten-600x450.jpg 600w\" sizes=\"(max-width: 800px) 100vw, 800px\" \/>\t\t\t\t\t\t\t\t<\/a>\n\t\t\t\t\t\t\t\t\t\t\t\t\t\t\t<\/div>\n\t\t\t\t<\/div>\n\t\t\t\t<div class=\"elementor-element elementor-element-a540522 elementor-align-justify elementor-widget elementor-widget-button\" data-id=\"a540522\" data-element_type=\"widget\" data-widget_type=\"button.default\">\n\t\t\t\t<div class=\"elementor-widget-container\">\n\t\t\t\t\t\t\t\t\t<div class=\"elementor-button-wrapper\">\n\t\t\t\t\t<a class=\"elementor-button elementor-button-link elementor-size-md\" href=\"https:\/\/www.landwirtschaftsmesse.com\/amberg\/karten-bestellen\/\">\n\t\t\t\t\t\t<span class=\"elementor-button-content-wrapper\">\n\t\t\t\t\t\t<span class=\"elementor-button-icon\">\n\t\t\t\t<i aria-hidden=\"true\" class=\"fas fa-caret-right\"><\/i>\t\t\t<\/span>\n\t\t\t\t\t\t\t\t\t<span class=\"elementor-button-text\">Karte(n) Bestellen<\/span>\n\t\t\t\t\t<\/span>\n\t\t\t\t\t<\/a>\n\t\t\t\t<\/div>\n\t\t\t\t\t\t\t\t<\/div>\n\t\t\t\t<\/div>\n\t\t\t\t\t<\/div>\n\t\t<\/div>\n\t\t\t\t<div class=\"elementor-column elementor-col-33 elementor-inner-column elementor-element elementor-element-61cc3a18\" data-id=\"61cc3a18\" data-element_type=\"column\">\n\t\t\t<div class=\"elementor-widget-wrap elementor-element-populated\">\n\t\t\t\t\t\t<div class=\"elementor-element elementor-element-3477c3fe elementor-hidden-mobile elementor-widget elementor-widget-image\" data-id=\"3477c3fe\" data-element_type=\"widget\" data-widget_type=\"image.default\">\n\t\t\t\t<div class=\"elementor-widget-container\">\n\t\t\t\t\t\t\t\t\t\t\t\t\t\t\t\t<a href=\"https:\/\/www.landwirtschaftsmesse.com\/amberg\/information\/\">\n\t\t\t\t\t\t\t<img loading=\"lazy\" decoding=\"async\" width=\"800\" height=\"600\" src=\"https:\/\/www.landwirtschaftsmesse.com\/amberg\/wp-content\/uploads\/2023\/02\/aurich-informationen.jpg\" class=\"attachment-full size-full wp-image-41116\" alt=\"\" srcset=\"https:\/\/www.landwirtschaftsmesse.com\/amberg\/wp-content\/uploads\/2023\/02\/aurich-informationen.jpg 800w, https:\/\/www.landwirtschaftsmesse.com\/amberg\/wp-content\/uploads\/2023\/02\/aurich-informationen-300x225.jpg 300w, https:\/\/www.landwirtschaftsmesse.com\/amberg\/wp-content\/uploads\/2023\/02\/aurich-informationen-768x576.jpg 768w, https:\/\/www.landwirtschaftsmesse.com\/amberg\/wp-content\/uploads\/2023\/02\/aurich-informationen-600x450.jpg 600w\" sizes=\"(max-width: 800px) 100vw, 800px\" \/>\t\t\t\t\t\t\t\t<\/a>\n\t\t\t\t\t\t\t\t\t\t\t\t\t\t\t<\/div>\n\t\t\t\t<\/div>\n\t\t\t\t<div class=\"elementor-element elementor-element-a510f04 elementor-align-justify elementor-widget elementor-widget-button\" data-id=\"a510f04\" data-element_type=\"widget\" data-widget_type=\"button.default\">\n\t\t\t\t<div class=\"elementor-widget-container\">\n\t\t\t\t\t\t\t\t\t<div class=\"elementor-button-wrapper\">\n\t\t\t\t\t<a class=\"elementor-button elementor-button-link elementor-size-md\" href=\"https:\/\/www.landwirtschaftsmesse.com\/amberg\/information\/\">\n\t\t\t\t\t\t<span class=\"elementor-button-content-wrapper\">\n\t\t\t\t\t\t<span class=\"elementor-button-icon\">\n\t\t\t\t<i aria-hidden=\"true\" class=\"fas fa-caret-right\"><\/i>\t\t\t<\/span>\n\t\t\t\t\t\t\t\t\t<span class=\"elementor-button-text\">Information Messe<\/span>\n\t\t\t\t\t<\/span>\n\t\t\t\t\t<\/a>\n\t\t\t\t<\/div>\n\t\t\t\t\t\t\t\t<\/div>\n\t\t\t\t<\/div>\n\t\t\t\t\t<\/div>\n\t\t<\/div>\n\t\t\t\t\t<\/div>\n\t\t<\/section>\n\t\t\t\t<section class=\"elementor-section elementor-inner-section elementor-element elementor-element-9984321 elementor-section-boxed elementor-section-height-default elementor-section-height-default\" data-id=\"9984321\" data-element_type=\"section\">\n\t\t\t\t\t\t<div class=\"elementor-container elementor-column-gap-default\">\n\t\t\t\t\t<div class=\"elementor-column elementor-col-100 elementor-inner-column elementor-element elementor-element-36acfeab\" data-id=\"36acfeab\" data-element_type=\"column\">\n\t\t\t<div class=\"elementor-widget-wrap elementor-element-populated\">\n\t\t\t\t\t\t<div class=\"elementor-element elementor-element-51505aab elementor-position-left elementor-vertical-align-middle elementor-widget elementor-widget-image-box\" data-id=\"51505aab\" data-element_type=\"widget\" data-widget_type=\"image-box.default\">\n\t\t\t\t<div class=\"elementor-widget-container\">\n\t\t\t\t\t<div class=\"elementor-image-box-wrapper\"><figure class=\"elementor-image-box-img\"><img loading=\"lazy\" decoding=\"async\" width=\"150\" height=\"147\" src=\"https:\/\/www.landwirtschaftsmesse.com\/amberg\/wp-content\/uploads\/2023\/01\/baueren-bis.png\" class=\"attachment-full size-full wp-image-40725\" alt=\"\" \/><\/figure><div class=\"elementor-image-box-content\"><p class=\"elementor-image-box-description\"><b> Veranstaltungsort:<\/b><br> Dult- und Messegel\u00e4nde<br \/>Bruno-Hofer-Strasse, 92224 Amberg<\/p><\/div><\/div>\t\t\t\t<\/div>\n\t\t\t\t<\/div>\n\t\t\t\t\t<\/div>\n\t\t<\/div>\n\t\t\t\t\t<\/div>\n\t\t<\/section>\n\t\t\t\t\t<\/div>\n\t\t<\/div>\n\t\t\t\t\t<\/div>\n\t\t<\/section>\n\t\t\t\t<\/div>\n\t\t","protected":false},"excerpt":{"rendered":"<p>Amberg \/ Oberpfalz Sehr geehrte Damen und Herren, wir haben uns f\u00fcr die Messe in Amberg entschieden, da diese Region sich hervorragend f\u00fcr eine Landwirtschaftsmesse eignet. Leider haben wir derzeit mit Personalengp\u00e4ssen zu k\u00e4mpfen, da Herr Andreas Otte seine T\u00e4tigkeit f\u00fcr die CNO-Expo GmbH beendet hat. Aufgrund unseres vollen Terminkalenders ist es uns derzeit nicht [&hellip;]<\/p>\n","protected":false},"author":1,"featured_media":0,"parent":0,"menu_order":6,"comment_status":"closed","ping_status":"closed","template":"elementor_canvas","meta":{"site-sidebar-layout":"no-sidebar","site-content-layout":"page-builder","ast-site-content-layout":"default","site-content-style":"default","site-sidebar-style":"default","ast-global-header-display":"","ast-banner-title-visibility":"","ast-main-header-display":"","ast-hfb-above-header-display":"","ast-hfb-below-header-display":"","ast-hfb-mobile-header-display":"","site-post-title":"disabled","ast-breadcrumbs-content":"","ast-featured-img":"disabled","footer-sml-layout":"","ast-disable-related-posts":"","theme-transparent-header-meta":"default","adv-header-id-meta":"","stick-header-meta":"","header-above-stick-meta":"","header-main-stick-meta":"","header-below-stick-meta":"","astra-migrate-meta-layouts":"default","ast-page-background-enabled":"default","ast-page-background-meta":{"desktop":{"background-color":"","background-image":"","background-repeat":"repeat","background-position":"center center","background-size":"auto","background-attachment":"scroll","background-type":"","background-media":"","overlay-type":"","overlay-color":"","overlay-opacity":"","overlay-gradient":""},"tablet":{"background-color":"","background-image":"","background-repeat":"repeat","background-position":"center center","background-size":"auto","background-attachment":"scroll","background-type":"","background-media":"","overlay-type":"","overlay-color":"","overlay-opacity":"","overlay-gradient":""},"mobile":{"background-color":"","background-image":"","background-repeat":"repeat","background-position":"center center","background-size":"auto","background-attachment":"scroll","background-type":"","background-media":"","overlay-type":"","overlay-color":"","overlay-opacity":"","overlay-gradient":""}},"ast-content-background-meta":{"desktop":{"background-color":"var(--ast-global-color-5)","background-image":"","background-repeat":"repeat","background-position":"center center","background-size":"auto","background-attachment":"scroll","background-type":"","background-media":"","overlay-type":"","overlay-color":"","overlay-opacity":"","overlay-gradient":""},"tablet":{"background-color":"var(--ast-global-color-5)","background-image":"","background-repeat":"repeat","background-position":"center center","background-size":"auto","background-attachment":"scroll","background-type":"","background-media":"","overlay-type":"","overlay-color":"","overlay-opacity":"","overlay-gradient":""},"mobile":{"background-color":"var(--ast-global-color-5)","background-image":"","background-repeat":"repeat","background-position":"center center","background-size":"auto","background-attachment":"scroll","background-type":"","background-media":"","overlay-type":"","overlay-color":"","overlay-opacity":"","overlay-gradient":""}},"footnotes":""},"class_list":["post-40719","page","type-page","status-publish","hentry"],"_links":{"self":[{"href":"https:\/\/www.landwirtschaftsmesse.com\/amberg\/wp-json\/wp\/v2\/pages\/40719","targetHints":{"allow":["GET"]}}],"collection":[{"href":"https:\/\/www.landwirtschaftsmesse.com\/amberg\/wp-json\/wp\/v2\/pages"}],"about":[{"href":"https:\/\/www.landwirtschaftsmesse.com\/amberg\/wp-json\/wp\/v2\/types\/page"}],"author":[{"embeddable":true,"href":"https:\/\/www.landwirtschaftsmesse.com\/amberg\/wp-json\/wp\/v2\/users\/1"}],"replies":[{"embeddable":true,"href":"https:\/\/www.landwirtschaftsmesse.com\/amberg\/wp-json\/wp\/v2\/comments?post=40719"}],"version-history":[{"count":160,"href":"https:\/\/www.landwirtschaftsmesse.com\/amberg\/wp-json\/wp\/v2\/pages\/40719\/revisions"}],"predecessor-version":[{"id":47079,"href":"https:\/\/www.landwirtschaftsmesse.com\/amberg\/wp-json\/wp\/v2\/pages\/40719\/revisions\/47079"}],"wp:attachment":[{"href":"https:\/\/www.landwirtschaftsmesse.com\/amberg\/wp-json\/wp\/v2\/media?parent=40719"}],"curies":[{"name":"wp","href":"https:\/\/api.w.org\/{rel}","templated":true}]}}